 1 + 3 - 3*j + 6*j**2 + 4*j**2. Let q be h(-1). Let r be 1/(-4) - q/4. Give x(r).
-5
Let a(z) = -3*z + 25. Let m(q) = -4*q + 28. Let h(k) = -3*a(k) + 2*m(k). Calculate h(11).
-8
Let t(n) = -n**3 - n**2 - n - 7. Let y be t(0). Suppose -5*c + 5*m + 6 + 14 = 0, 0 = -3*c + 5*m + 14. Let l(f) = -f + 0*f - 4 - c - 2. What is l(y)?
-2
Let a(b) = -1 - b**2 + 9*b - 5 + 7. Let h(n) = -n**2 + 9*n + 1. Let w(s) = -3*a(s) + 4*h(s). Calculate w(9).
1
Let y(c) = c**3 + 6*c**2 + 8*c + 7. Let b = 15 + -22. Let i be (-2)/b + (-74)/14. Determine y(i).
-8
Let b(r) = 3*r + 1. Let w(d) be the third derivative of d**5/60 - d**4/12 + d**3/3 + 3*d**2. Let g be w(0). Give b(g).
7
Let u(o) = o**3 - 2*o**2 + 2*o + 3. Let r be (-6)/4*(-4)/(-3). Let v be u(r). Let j = v - -23. Let g(x) = -x**2 + 5*x - 7. Give g(j).
-13
Let b = 13 + -10. Let h(k) = 11*k**2 + 4 - b + 4*k - 10*k**2. Suppose 3 = -a - 0. Calculate h(a).
-2
Let q be 19/(-7) - 92/322. Let v(s) = s. Let i(w) = 4. Let k(z) = i(z) + 2*v(z). Give k(q).
-2
Let u(p) = -p - 6. Let c(x) = 11*x + 77. Let w(g) = 6*c(g) + 77*u(g). Determine w(1).
-11
Let h(l) = 0*l**3 - 9 + 8*l - 8*l**2 + 2*l**3 - l**3. Suppose -5*q + 2*z = -29 - 2, -4*q - z + 30 = 0. Calculate h(q).
-2
Let q(a) be the third derivative of -13*a**5/60 - a**4/24 + a**3/6 - 4*a**2 - 8. Give q(1).
-13
Let v(w) = -w**3 + 8*w**2 - w + 4. Suppose 9 = l + u, 4*l - 12 = 3*u + 17. Determine v(l).
-4
Let l(w) = -3*w. Let j(q) = 6 + 47 - 142 + 3*q + 33. Let o be j(18). Determine l(o).
6
Let m(i) be the second derivative of -i**4/12 + 3*i**3/2 - 5*i**2/2 - 3*i + 4. What is m(8)?
3
Let t(g) = 2*g + 7. Suppose 0 = -v + 3*v - 32. Let z = v - 22. Give t(z).
-5
Let d = 2021 + -2026. Let r(v) be the third derivative of v**4/24 + 7*v**3/6 - 4*v**2. Calculate r(d).
2
Let p(o) = 2*o**3 + 4*o**2 - 2*o**3 - o**3 + 101*o - 2 + 94*o - 197*o. Give p(3).
1
Let o(m) = 5*m**3 + 1 + 2*m**2 - 2 - m**2. Let q = 2480 - 2479. Give o(q).
5
Let q(z) be the second derivative of -z**5/20 + 5*z**4/4 + 9*z**2 - z + 8. Calculate q(15).
18
Suppose -2*i - 6*p = -p + 8, -i + 9 = -4*p. Suppose -2*y + 42 = -10. Let l(v) = -27*v + y*v + 1 + i. Calculate l(5).
-3
Let j(w) = -w**2 - 9*w + 4. Let v be (5 + (-2 - 5))/((-3)/(-12)). Give j(v).
12
Let i(c) = -8*c**2 + 21*c + 11. Let x be i(3). Let b(a) = -2*a - 3*a + 3*a - 1. Give b(x).
-5
Let r(u) = -8*u**2 + 10*u + 16 - 8 - u**3 - 11. What is r(-9)?
-12
Let l(j) = 6*j**2 + 9*j + 2. Let k(t) = -5*t - 1 + 1 - 4 - 3*t**2 + 3. Let c(r) = -11*k(r) - 6*l(r). What is c(1)?
-3
Let r(u) be the first derivative of 15*u**4/4 + 3*u**2/2 + 2*u + 103. Determine r(-1).
-16
Let p(b) = -3*b + 3. Let f(m) = 5 - 6 + 10 - 9*m. Let l(v) = -2*f(v) + 7*p(v). Determine l(2).
-3
Suppose -5*d + d = -8. Let b(w) = -6*w - 1 - 5*w**d - 4*w**2 - 6 + 10*w**2. Let r(t) = -8*t - 1. Let n be r(-1). What is b(n)?
0
Let w(c) = 3*c - 3. Suppose -5*q + 1 = -2*d + 28, -d + 12 = -2*q. Determine w(d).
15
Let z(y) = -y**2 - 5*y - 1. Suppose 114 = 7*s - 33. Let p be (-10 - 0) + -16 + s. Calculate z(p).
-1
Let r = 113 + -117. Let o(c) = c + 9. Give o(r).
5
Suppose 3*x - x - 168 = 0. Suppose -2*n + x = n. Suppose -5*f + 30 = 4*m + m, -4*f = 5*m - n. Let u(d) = d. What is u(m)?
4
Let w(g) be the first derivative of -4*g**3/3 - 2*g**2 - 3*g - 324. Calculate w(-3).
-27
Let y(j) = -8*j + 4 - 3 + 10*j. Let h = 27 - 10. Suppose 0*s + h = -5*s + 4*o, 4*o = 12. Determine y(s).
-1
Let a(o) = -o - 9. Let n(h) = -h - 6. Let z(c) = 3*a(c) - 4*n(c). Let s = -10 + 5. Give z(s).
-8
Let b(k) = -5*k**2 - 2. Let s(l) be the second derivative of -l**4/12 - l. Let x be (18/(-15))/((-2)/10). Let n(h) = x*s(h) - b(h). Give n(-4).
-14
Let g(d) = d + 2. Let v = -1815 + 1821. Determine g(v).
8
Let d(g) be the second derivative of g**3/6 + 6*g**2 + 2*g. Let a(f) = 12*f**2 - 312*f - 12. Let s be a(26). Give d(s).
0
Let l(g) = g**2 + g - 5. Let h = -212 - -218. Give l(h).
37
Suppose 0 = 6*m + 112 - 94. Let s(u) = 5*u**2 + 3*u + 1. Give s(m).
37
Let q(v) = -11*v - 10. Let o be q(-4). Let p = o - 35. Let l(h) = 11*h**2 + h + 1. What is l(p)?
11
Let d(i) = -12*i. Let b(q) = -q**2 + 74*q - 2. Let r(j) = b(j) + 6*d(j). Give r(6).
-26
Let p(k) = 6*k**3 - 4*k**2 - 6*k. Let x(r) = r**3 - r**2 - r + 1. Let v(f) = p(f) - 5*x(f). Let d be 1 - 1 - 10/5. Let t = -2 - d. Determine v(t).
-5
Let q(k) = -k**2 - 8*k - 5. Let v be (27/63)/(30/14 + -2). Suppose -4 = v*p - 2*p, 4*p = 2*l. Determine q(l).
-5
Let b(s) = s**2 + s**2 - s**3 + 3*s**2. Let l(v) = -v**2 + 9*v - 3. Let r(j) = -j**3 - 9*j**2 + 9*j - 2. Let a be r(-10). Let z be l(a). Give b(z).
0
Let t(z) = z + 1. Let d(g) = 8*g + 4. Suppose 4*u + 2*b - 20 = 0, b + 0*b - 16 = -3*u. Let r(y) = u*t(y) - d(y). Suppose -5*q + 8 = 23. Determine r(q).
8
Let l = 178 - 178. Let b(s) = -s**2 - s + 31. Determine b(l).
31
Let x be -5*(-3 + (-232)/(-80)). Let c(r) be the first derivative of 5 + x*r**2 + r. Give c(5).
6
Let u(g) = g**3 - g**2 + g - 1. Let p be (-2 + 1)*1 - -4. Let c(h) = -4*h**p + 3*h + 4 - 7*h + 101*h**2 - 89*h**2. Let r(q) = c(q) + 5*u(q). Determine r(-7).
-8
Let o(i) = 7*i - 14. Let r be (528/(-220))/((-6)/15). Determine o(r).
28
Suppose 5*i - 25 = -b, -3 + 7 = i. Let f(q) = 9 + q**2 - 7*q - 6 + b + 1. Calculate f(6).
3
Let r(k) be the third derivative of k**6/120 + 2*k**5/15 - 3*k**4/8 + k**3 + 18*k**2. Let v be r(-9). Let n(y) = y - 2. Determine n(v).
4
Let l be -1 + 6/7 + (-1394)/238. Let j(g) = g + 2. Calculate j(l).
-4
Suppose -85*b = -84*b. Let x(a) = a**2 - a + 9. What is x(b)?
9
Suppose -2*o - 4*d + 49 - 63 = 0, 5*d - 10 = 3*o. Let n(q) be the third derivative of -q**5/60 - q**4/8 + 7*q**3/6 - q**2. Calculate n(o).
-3
Let r = 1893 + -1912. Let u(x) = -x**2 - 18*x + 13. Give u(r).
-6
Suppose 0 = -3*h - 3*f + 21, 0 = -7*h + 2*h + 2*f + 49. Let n(x) = -6 + h + 3*x + 4. Suppose q - m - 3*m = -21, 0 = 4*q - 4*m + 36. Give n(q).
-8
Let y(q) = 16 - 45 + 16 + q + 12. What is y(5)?
4
Let g(r) be the first derivative of -r**2/2 - 22*r - 494. Determine g(-17).
-5
Suppose 0 = -2*h - 2*h + 32. Suppose h - 20 = f. Let y = -7 - f. Let z(p) = p**2 - 7*p + 4. Give z(y).
-6
Let j(b) be the second derivative of -b**4/12 + b**3/3 + b + 16. Let d(x) = -x**2 - 5*x - 6. Let t be d(-4). What is j(t)?
-8
Let a(x) = x**2 + 3*x + 3. Let z(i) = i**3 + 10*i**2 - 3. Let o be z(-10). Let j be 27/(-12) - o/(-4). Let d be (-1)/(-1)*(j - 0). Give a(d).
3
Let o(f) = f**2 - 3*f. Let d(g) = -g**2 + 14*g + 6. Let x = 55 - 41. Let l be d(x). Determine o(l).
18
Let v(r) = -3 + 0 - 3 - 2*r. Let p be -16 - 15/20*40/(-3). What is v(p)?
6
Suppose -4 = -2*b + 2. Let l(i) = -2*i + b*i + 1 - 5. Suppose -17*u + 6*u = 0. What is l(u)?
-4
Suppose -15*v + 52 - 67 = 0. Let b(s) = 1 + 12*s - 2 + 3. Let m(c) = 6*c + 1. Let w(l) = -3*b(l) + 7*m(l). Give w(v).
-5
Let d(b) = b + 3. Let x(a) = a**3 + a + 5. Suppose -s - 1 = 1, -4*s - 8 = y. Let i be x(y). Suppose n = l - i, 5*n - 3*l = l - 23. Calculate d(n).
0
Suppose -5*t + 3*a + 22 = -12, -2*a = 6. Let b = 57 + -14. Suppose -3*p + 13 = 4*m, m = t*m - 3*p - b. Let n(h) = -h + 2. Determine n(m).
-5
Let d(g) = g**2 + 6*g. Let s(y) = y**2 - y + 1. Let v(u) = d(u) - 2*s(u). Give v(8).
-2
Suppose 5*q = -o - 2, 2*q = -5*o - 3*q + 30. Suppose -10*j = -o*j. Let n(x) = j*x**2 + x**2 + 9*x**2 + 1 - 3*x**2. What is n(-1)?
8
Suppose 0 = 5*b - 54 + 59, 0 = -5*q + 3*b - 102. Let n(t) = 4*t + 82. Determine n(q).
-2
Let v = 15 - 9. Let q(f) = 3*f + 4*f + v - 6*f. Calculate q(-6).
0
Let f(p) = p**3 - 27*p**2 - 46*p - 344. Let t be f(29). Let j(m) be the second derivative of m**5/20 - m**4/4 - m**3/2 + m**2 - m. Determine j(t).
6
Let b(o) = -o**3 + 5*o**2 + 5*o - 1. Suppose 17 = 2*z + 5*a, z - 7 = -6*a + 5*a. Calculate b(z).
-7
Suppose 2*u - u - 7 = 0. Let l be (u + -5)/(6/15). Let h(v) = -4*v**2 + 4*v**2 + v**2 - 2*v + 1 - 2*v. Give h(l).
6
Let k be (-8)/6*(-24)/16. Suppose -k - 4 = -3*u. Let a(c) = 0*c**2 + 3 - 2*c + 3*c**3 - 4*c**3 + 3*c**u. Determine a(3).
-3
Let j(s) = 5*s**3 - 14*s**2 - 16*s + 11. Let u(h) = 6*h**3 + 6*h**2 + 11 + 21*h**2 - 42*h**2 - 17*h. Let l(n) = -5*j(n) + 4*u(n). Calculate l(11).
0
Let z(b) = b**2 + 4*b + 1. Let s(a) = -a + 8. Let n be s(4). Suppose h + n + 2 = 0. Determine z(h).
13
Let u(z) = 3*z**2 - 5*z - 3. Let i(n) = 2*n**2 - 3*n - 2. Let g(m) = -8*i(m) + 5*u(m). 